 21. Let o(c) = -13*u(c) + 7*v(c). Give o(-12).
5
Let r(l) = 225*l - 4. Let k(w) = 2138*w - 36. Let g(z) = 4*k(z) - 38*r(z). Suppose 2*h - v = -h + 17, -4*v + 28 = 4*h. Calculate g(h).
20
Suppose 4*y + 10 = l, 0 = 2*y - 3*y + 2*l - 6. Let b be 19 - 15 - y/(-2). Let c be (b*1/3)/((-4)/8). Let m(g) = 5*g + 2. Calculate m(c).
-8
Let g(h) be the second derivative of -h**3/2 + 5*h**2 + h. Let z be (-3616)/(-678) + 10/6. Determine g(z).
-11
Let s(f) = f**3 + 5*f**2 + f + 5. Let i be (-3 + -2 + 4)*-59. Let a = 54 - i. What is s(a)?
0
Let m(r) = -30*r**2 - 7*r - 5. Let a = -17276 - -17274. Determine m(a).
-111
Let n(z) = 3*z - 2. Let k(u) = u**3 - 7*u**2 + 10*u + 6. Suppose 4*h + 5*j = 35, h - 6*j + 7 = -2*j. Let m be k(h). Suppose 2*d = 3*d + m. Calculate n(d).
-20
Let n(q) = 28*q**3 + 72*q**2 + 104*q - 10. Let u(s) = -5*s**3 - 14*s**2 - 20*s + 2. Let r(o) = -2*n(o) - 11*u(o). What is r(11)?
9
Let d(c) = c**3 - 7*c - 13*c**2 - 24*c**2 + 45*c**2 - 5*c**3. Calculate d(2).
-14
Suppose 2*y = -4*s + 34, -5*y + 138 - 88 = 3*s. Let z(b) = b**3 - 6*b**2 + b + 14. Give z(y).
70
Let h(g) = -16*g**3 + 19*g**2 + 26*g - 21. Let s(d) = -7*d**3 + 9*d**2 + 12*d - 12. Let i(r) = -3*h(r) + 7*s(r). Calculate i(6).
15
Let t(y) = -39*y**2 - 269*y + 367. Let o(i) = -23*i**2 - 161*i + 221. Let w(g) = -12*o(g) + 7*t(g). Calculate w(-18).
7
Suppose -2*o - 10 = 0, 4*o + 20 = 5*j + 6*o. Suppose 16 - 52 = -j*l. Let w(i) = -2*i + 4. Calculate w(l).
-8
Let u(y) be the second derivative of -y**4/6 - 7*y**3/6 - 2*y**2 + 168*y. Suppose -3*c + 11 = -1. Suppose -9*n + c*n - 20 = 0. What is u(n)?
-8
Let s be (1 + 2)/(36/24). Let w(n) = 50 - 41 + 3*n**s - 8*n - 2*n**2. Suppose -4*i + 10*i - 42 = 0. Determine w(i).
2
Let f(j) = 4*j**3 - 2*j**2 + j + 2. Let h(r) = -10*r**2 + r - 39. Let x be h(5). Let z = x - -283. Determine f(z).
-5
Let f(h) = -26*h + h**3 + 4*h**2 + 3*h**3 + 2*h**3 - 31*h**2 - 7*h**3 + 17. What is f(-26)?
17
Let k(o) = o + 4*o**2 - 2*o - 4*o**2 + 1 - 5*o**2 + 6*o**2. Let b(a) = a**2 - 4. Let q be b(-3). What is k(q)?
21
Let u(p) = 8*p - 71. Suppose 0 = -5*d - t - 2*t - 11, -t + 7 = -d. Let w be 1 - 1 - (d + 7) - -13. Let k be u(w). Let j(o) = o - 7. Give j(k).
2
Let l(w) = -3*w**2 - 11*w - 13. Let p(r) = -8*r**2 - 25*r - 30. Let z(g) = -5*l(g) + 2*p(g). Suppose -3*j - 2*v + 26 = j, -3*j = 4*v - 22. Give z(j).
-1
Let a(v) = -15*v**3 + 5*v**2 - 10*v - 2. Let u(t) = 13*t**3 - 5*t**2 + 9*t + 3. Let k be (4 - 6)/(1/(-3)). Let z(w) = k*a(w) + 7*u(w). Give z(4).
5
Suppose -3*f = 2*h + 2, 26*f - 27*f = 4*h - 16. Let g(d) = -8*d - 1 - 7*d + 13*d - h. Determine g(-4).
2
Let d(o) = o**2 - 11*o + 18. Let f be d(-12). Let l(h) = 5*h - h**3 + 289*h**2 - f*h**2 - 3*h**3 + 0*h**3 + 3*h**3 + 8. Give l(-6).
14
Suppose 991 = i - 40*i + 367. Let m(n) = n**3 + 16*n**2 - n - 5. Give m(i).
11
Let i(q) = -2*q - 1. Let w(v) = 6*v + 3. Suppose 5*z + 37 = -u, 0 = u + z + 21. Let h(m) = u*i(m) - 6*w(m). Let o = -186 - -184. What is h(o)?
3
Let j(p) be the third derivative of p**5/60 + p**3/6 + 4*p**2 - p. Give j(-6).
37
Let q(o) be the second derivative of -o**5/60 + 23*o**4/24 + 70*o**3/3 - 19*o - 2. Let d(p) be the second derivative of q(p). Determine d(11).
1
Suppose 5*w - 5*p - 64 + 14 = 0, 3*w + 2*p = 15. Suppose -g = 2*u - w, 2*u - 10 = -0*u - 4*g. Let k(x) = 2*x + 1. What is k(u)?
7
Let n(l) = -2*l + 46. Let u(k) = 16*k - 279. Let b(p) = -14*n(p) - 2*u(p). Give b(-15).
-26
Let i(r) be the third derivative of -r**5/60 + 25*r**4/24 - 33*r**3/2 + 3*r**2 - 174*r. Determine i(5).
1
Let w(c) = -12*c - 25*c**2 - 8 + 66*c**2 + 1 - 47*c**2. Calculate w(-2).
-7
Let t = 28 + -18. Let q be (12/t)/((-22)/(-55)). Let g(x) = 0*x - 6*x + q + 3*x. Give g(-5).
18
Let b(v) = v**3 - 44*v**2 + 29*v - 34. Let k(n) = 21*n**2 + n + 1. Let d(j) = -b(j) - 3*k(j). Determine d(-17).
-3
Let s(d) = 11*d - 10*d - d**2 - 10*d + 3 - 6. Let f be 7/(-3)*90/30. What is s(f)?
11
Let v(r) be the third derivative of r + 1/24*r**4 + 0 + 1/3*r**3 + 207*r**2. Let d = 2 + 0. What is v(d)?
4
Suppose -25*k + 13*k - 12 = 0. Let u(r) be the third derivative of r**2 + 0*r**3 - 1/24*r**4 + 3/20*r**5 + 0 + 0*r. Determine u(k).
10
Let o(f) = 4*f + 2. Let i be -1 - 106/(-10) - (-102)/(-170). Let t be 5 - i/(-2)*-2 - -9. Give o(t).
22
Let w(j) = j**2 + 4*j + 26. Let i = 9669 - 9681. What is w(i)?
122
Suppose 0 = -5*b + 5*q + 185 + 50, -3*q - 93 = -2*b. Let v(h) = -51 - b - h - 53 + 154. Determine v(-7).
9
Let m(j) = j**3 - 10*j**2 - 2*j - 145. Let c(i) = 2*i**3 - 20*i**2 - 3*i - 270. Let y(f) = -6*c(f) + 11*m(f). Calculate y(8).
121
Let k = -570 + 820. Let r = -242 + k. Let i(c) = c - 9. What is i(r)?
-1
Let y(w) = -3*w - 4. Let i(j) = 4*j + 3. Let b(x) = 5*i(x) + 6*y(x). Let q = -9377 - -9384. Determine b(q).
5
Let v = 8 + -3. Let x(g) = 5*g + 7. Let y(s) = s + 1. Suppose 0*m = 2*t + m - 43, 0 = -3*t + 5*m + 71. Let q(a) = t*y(a) - 4*x(a). Calculate q(v).
4
Let t(z) = -z**3 + 5*z**2 + 9*z - 4. Suppose 0 = g - 3*x + 36, -2*g - g - 83 = -4*x. Let l be -1*3*(19 + g). Give t(l).
14
Let n(y) be the second derivative of y + 1/2*y**2 - 1/12*y**4 + 1/2*y**3 + 23. Determine n(4).
-3
Let m(c) = -5*c**2 - 8*c + 7. Let j(f) = -7*f**2 - 8*f + 7. Let o = -746 - -749. Let p(d) = o*m(d) - 2*j(d). Calculate p(-9).
-2
Let r(k) = 5*k**2 - 12*k + 17. Let x(t) be the third derivative of 11*t**5/60 - 5*t**4/4 + 35*t**3/6 - 133*t**2. Let j(l) = -9*r(l) + 4*x(l). Determine j(-10).
7
Let i(p) = p**3 - 7*p**2 + 6*p - 8. Let g be 0 - 4 - (-111 - -103). What is i(g)?
-32
Let l(s) = -s**2 - 8*s - 6. Let u(a) = a**2 + 19*a. Let m be u(-19). Suppose -p - r + 49 = 0, m*r - 5*r = -2*p + 84. Suppose p*b - 48*b - 6 = 0. Determine l(b).
6
Let i be (-64)/(-24)*(-45)/(-5). Let c(a) = 6 - i*a + 0 + 27*a. Calculate c(-5).
-9
Let i be 2/(-9) + 14/(-18). Let o(n) be the third derivative of n**7/5040 + 31*n**5/60 + 29*n**2. Let z(y) be the third derivative of o(y). What is z(i)?
-1
Suppose 4 = -4*j - 8. Let i be 0 - (-1)/(j/(-6)). Let r(u) = -38*u - 50*u**2 + 87*u**2 - 12*u**2 - 2 - 28*u**2 + 42*u. What is r(i)?
-6
Let s(p) = -p - 10. Let u be 288/(-18)*6/6. Calculate s(u).
6
Let y(x) be the third derivative of -12*x + 0 + 0*x**3 - 1/6*x**4 + x**2. Calculate y(-1).
4
Let j(r) = -r + 9. Let i(v) = -v + 10. Let g(n) = -5*i(n) + 6*j(n). Suppose 5*u + 20 = -5*b, -4*u + 4*b - 11 = 3*b. What is g(u)?
7
Let m(n) = -n + 1. Let l(q) = 4. Let y(p) = -l(p) - 3*m(p). Let b = -1218 + 1223. Give y(b).
8
Let y(z) be the second derivative of z**4/12 - 35*z**3/6 + 87*z**2/2 + 3435*z. Calculate y(32).
-9
Let a(r) = -r**2 - 4*r + 5. Suppose 0 = -17*p + 16 + 1. Let x be p - 1 - (-30)/36*-6. What is a(x)?
0
Let b = -1/351 + 118/351. Let p(v) be the first derivative of -b*v**3 - v + 3/2*v**2 + 18. Determine p(4).
-5
Let b(z) = z**3 + z**2 - 16. Let j(a) = 2*a**3 + 6*a**2 - 3*a - 9. Suppose 29*t = 30*t + 3. Let f be j(t). Give b(f).
-16
Let w(r) = 2*r**2 + 17*r + 3. Suppose 328*c + 36 = 322*c. Calculate w(c).
-27
Let x(j) = 267*j + 5096. Let h be x(-19). Let q(m) = m**2 - 24*m + 24. What is q(h)?
1
Let x(r) = 30*r + 83. Let f(z) = -16*z - 41. Let t(w) = 7*f(w) + 4*x(w). What is t(2)?
61
Suppose 29*f - 27*f - 2 = 0. Let y be (2 + -1)*(3 - f). Suppose -2*p - 20 = y*s, -24 = 2*s - 0*p + 3*p. Let u(j) = j**2 + 9*j + 7. Determine u(s).
-11
Suppose -10*f = -18 + 58. Let n be -1 + ((-35)/(-20))/((-1)/f). Let s(h) be the third derivative of -h**5/60 + h**4/3 - 2*h**3/3 + 2*h**2. Give s(n).
8
Let u(x) = -x**2 - 10*x - 2. Let q(w) = w**3 - 9*w**2 - 47*w + 420. Let c be q(9). Calculate u(c).
19
Let i(r) be the first derivative of -1/3*r**3 - 27 - r - 1/2*r**2. Determine i(-1).
-1
Let f(y) be the third derivative of -y**4/24 + 12*y**2. Let r be f(-5). Suppose -2*c + 0*l = -4*l - 4, -4*c + r*l = -8. Let q(s) = -2*s + 1. What is q(c)?
-3
Let q(u) be the first derivative of u**2 + 9*u + 2. Let i(y) = -7 + 20*y + 24*y + 47 + 0*y**2 + 21*y**2 - y**3. Let d be i(23). What is q(d)?
-3
Let h(i) = 52*i - 10. Let c(t) = 30*t - 6. Let f(s) = 5*c(s) - 3*h(s). Calculate f(4).
-24
Let o be 3*(4/(-6))/(-1). Let t(x) be the third derivative of -x**4/6 + x**3/6 - 15*x**2 - 522. Determine t(o).
-7
Let s(l) = -35 + 6*l + 98 - 10. Calculate s(-10).
-7
Let z(x) = -x**3 - 4*x**2 + 13*x + 3. Let o be ((270/81)/(-10))/(1/18). Calculate 